*n = -2*j + 156. Let a be n/(-12) - (-30)/(-180). Determine k(a).
-21
Let v(r) = 123*r**2 - 9*r + 13. Let n be v(2). Let y = n + -488. Let i(z) = 17*z + 6. Let f(q) = -q - 1. Let o(h) = 5*f(h) + i(h). Calculate o(y).
-11
Let o(q) = -2*q**2 - 2*q - 6. Let s(b) = -b**2 + b - 1. Let h(r) = -o(r) + 3*s(r). Let g be (275/(-10))/11*140/(-50). Calculate h(g).
-11
Let k(u) = u**3 - 7*u**2 - u - 3. Let x(i) = 30*i - 23. Let d be x(8). Let p = -210 + d. Give k(p).
-10
Let k be (-10)/45 - ((-2560)/36)/5. Let n(p) = -27 - 2*p + 12 + k. Determine n(-1).
1
Suppose -9*v = -21*v + 216. Let f be -6 - v/(-6)*2. Let i(n) = n**3 - n**2 - n - 1. Calculate i(f).
-1
Let d = -1 - -8. Let b(t) = 13 - 3*t**3 + 9*t + 2*t**3 - 2*t**3 + 4*t**3 + d*t**2. Let r be b(-6). Let z(o) = -o**3 - 4*o**2 + 5*o - 6. Determine z(r).
-6
Let k(s) = 16*s**2 - 15*s - 9. Let l(g) = -7*g**2 + 7*g + 6. Let f(z) = -6*k(z) - 13*l(z). What is f(0)?
-24
Let b(o) = 2*o**2 + 3*o - 5. Let l(a) = -5*a**2 - 9*a + 14. Let j be -4 + (45 - (-2)/(4/(-2))). Let v = 51 - j. Let c(w) = v*b(w) + 4*l(w). What is c(2)?
3
Let f be ((-20)/6)/(1 - 10/6). Suppose -109 - 11 = -f*o. Let i(z) = 26 + o - 49 + 2*z + 5*z**2. What is i(-2)?
17
Suppose -4*k - 3*q = -165, 2*k = -5*q + 32 + 33. Let u(j) = 23 + 23 - 14*j - k. Suppose 5*i - 4*s - 1 = -s, -5*s = -4*i + 6. What is u(i)?
15
Let r = -41 - -35. Let w be ((-8)/r)/(6/(-9)). Let s be -1*(w + (-1 - -3)). Let q(f) = -f - 14. Give q(s).
-14
Let w(l) = 2*l**3 + l**2 + 2. Suppose 2*j + 4*s + 448 = 420, -3*j = 2*s + 10. Give w(j).
22
Let n(z) = -3*z**3 - 45*z**2 - 43*z + 85. Let d(w) = w**3 + 21*w**2 + 21*w - 45. Let f(u) = -5*d(u) - 2*n(u). Give f(16).
7
Let u(f) = 2*f + 7. Let r be u(-4). Let k be ((-1 + 2)/(1/(-6)))/r. Let h(j) = -k*j**3 - 3 + 3*j + 6*j**3 + 2*j**3 - 3*j**2 - 3*j**3. Give h(-4).
1
Suppose -2*h - 8 = 0, 3*h = s - 6 - 8. Let l(u) be the first derivative of -5*u**3/3 - u - 174395. Calculate l(s).
-21
Let o(h) = -h**3 + 2*h**2 + 6*h - 6. Let i be o(3). Suppose t + 3*t = i*w + 17, 2*t = -5*w - 11. Let p(g) = 3 - 2*g - 16*g**2 + 15*g**t - 4. Calculate p(2).
-9
Let a = 34463 + -34470. Let r be (2/5)/(1/5). Let c(j) = 0*j**2 + j**2 - 8 - r + 5*j. What is c(a)?
4
Let d(b) = 5*b - 16. Let c(m) = 2*m + 12. Let g(u) = -3*u - 16. Let l(v) = 7*c(v) + 5*g(v). Let f(a) = 4*d(a) + 18*l(a). Give f(-6).
-4
Suppose -4*c - 416*h = -414*h + 20, 4*c - 5*h + 6 = 0. Let g(p) = p**2 + 4*p + 11. What is g(c)?
11
Let r(k) = 3*k**3 + k**2 - k + 1. Suppose p - 4*s - 19 = 0, -2*p + 4 = 3*s - 12. Suppose -27 = p*o - 12*o. Suppose 4 = -o*x + 31*x. Give r(x).
4
Suppose 21 = -18*r + 201. Let n(l) = l**3 - 11*l**2 + 2*l + 6. Give n(r).
-74
Suppose 24 = 2*b - 2*c, 0*c = 2*b + 3*c - 4. Suppose 37*o = 36*o + 5. Suppose b*z - 13*z = o. Let t(u) = -9*u**2 + u + 1. What is t(z)?
-9
Let t(m) be the first derivative of 8*m**3/3 + m**2/2 + 5*m - 3510. Determine t(-3).
74
Let o(n) = n + 34. Let f = 6896 - 6892. Determine o(f).
38
Let r(h) = 2*h**2 - 2*h. Let v(p) = p**2 - p. Let w(x) = -4*r(x) + 7*v(x). Let m(z) = -24*z**2 + 21*z. Let a(y) = -2*m(y) + 42*w(y). Give a(2).
24
Let g = -3 + 8. Suppose -g*b = -10*b + 40. Let a(v) = 5*v - 14. Let i(d) = 8*d - 23. Let o(x) = 5*a(x) - 3*i(x). Give o(b).
7
Let x(a) be the first derivative of -a**3/3 - 3*a**2 - 2*a - 2. Suppose 0 = -2*q - f - 4*f + 127, -q - 5*f = -51. Suppose 0 = 14*j + q + 22. Give x(j).
-9
Let z(w) = 11*w**3 - 5*w**2 + 2*w - 10. Let s(j) = -15*j**3 + 8*j**2 - 2*j + 12. Let r(b) = 3*s(b) + 4*z(b). Determine r(5).
-19
Let d(g) = -30 + 25 + g - 3*g. Let j(u) = -2*u**2 - 3*u - 4. Let v be j(0). Let x(o) = -o - 9. Let p be x(v). What is d(p)?
5
Suppose 21*j - 250 = -4*j. Let v(m) = 3*m**2 + 2*m. Let k be v(-3). Let h(i) = -j*i - 8*i + 7 + k*i. What is h(-5)?
-8
Let i(b) = -299*b - 6876. Let t be i(-23). Let n(h) = 9*h**3 + 2*h - 3. Calculate n(t).
8
Let p(x) be the third derivative of -3/8*x**4 - 1/3*x**3 + 0 + 0*x - 2/15*x**5 + 87*x**2 + 1/120*x**6. Let h = -16 + 25. Give p(h).
-2
Let x be (-3)/9*186/(-62). Let c(b) = b**2 - 2. Determine c(x).
-1
Let x(s) be the first derivative of s**6/120 - s**5/12 + 5*s**4/24 - s**3 + 7*s**2/2 - 3*s - 95. Let m(v) be the second derivative of x(v). Calculate m(4).
-2
Let p = 101 + -106. Let k(i) be the second derivative of 14*i + 0 - 3/2*i**2 - 1/2*i**3. Calculate k(p).
12
Suppose 2*v - 11*r + 9 = -10*r, 0 = 2*v - 4*r - 6. Let o(k) = -12*k**2 - 83*k - 7. Calculate o(v).
-14
Suppose 0 = -18*f + 29 + 97. Suppose -2*s - 5*o = f, -4*s - 3*o - 2*o - 19 = 0. Let z(u) = -u + 1. Give z(s).
7
Let p(k) = k**3 + 4*k**2 + 3*k. Suppose r + 3 = 3*z, -5*z + 0 - 2 = -4*r. Suppose 3*l + 8 = -2*y + 59, z*l = y + 27. Suppose -19*d = -24*d - l. Give p(d).
0
Let r(o) = 130*o - 73*o - 4*o**2 - o**2 + 8*o**2 - 1 - 74*o. Calculate r(8).
55
Suppose -76*l + 402 = -55*l - 18. Let b(x) = -x**3 + 18*x**2 + 39*x + 29. Determine b(l).
9
Let k(f) = -5*f - 21. Suppose -18*v = 12*v + 97 - 7. Calculate k(v).
-6
Let b(f) = -91*f + 5 + 5*f**2 - 6*f**2 + 0*f**2 + 118*f. Give b(19).
157
Let x(a) = 6*a**3 + 8*a**2 + 14*a + 50. Let m(w) = -2*w**3 - 3*w**2 - 4*w - 16. Let y(r) = 7*m(r) + 2*x(r). Give y(-3).
-3
Let s(t) be the third derivative of t**8/20160 - t**7/1680 - t**6/80 - 73*t**5/60 - t**2 - 21*t. Let y(k) be the third derivative of s(k). What is y(8)?
31
Let n(q) = -370 + 394 + 2*q - 4*q. Let o be 72/7 - (-9 + 585/63). Calculate n(o).
4
Let z(q) = q**3 - 6*q**2 + 2*q - 7. Let o = -41 - -19. Let l be (-16)/88 + (-114)/o. Determine z(l).
-22
Let s(a) = -10 - 2*a + 4*a - 3*a - a**3 + 2*a**2 - 4*a**2 - 5*a**2. Give s(-7).
-3
Suppose 25742*o = 25724*o - 18. Let z(v) = -2*v**3 + 8*v**2 + 6. Let r(m) = 1 - m**3 + m + 0*m + m**2 - 2*m. Let s(y) = o*z(y) + 3*r(y). Calculate s(-4).
-7
Let g = 14478 - 14462. Let x(m) = m**3 - 17*m**2 + 17*m + 3. Give x(g).
19
Let q(n) = n**3 + n**2 - 1. Let h(j) = j**2 + 2*j**2 - 28*j - 6*j**3 + 23*j. Let f(a) = h(a) + 5*q(a). Let b be 6/(-33) + 79/11. What is f(b)?
9
Let a(c) = -4*c + 45. Suppose 964 = 2*n + 934. Calculate a(n).
-15
Let f(w) be the first derivative of -45*w**2/2 + 11*w - 9661. Give f(2).
-79
Let w(i) = i**3 + 12*i**2 + 10*i - 8. Let a(b) = -45*b - 1. Let l be a(-2). Let u = -56 + l. Suppose -2*c = -5*c - u. What is w(c)?
3
Let u(l) = 9*l - l**3 + 9*l**2 + 5*l - 11 - 21*l. Suppose -m + 376 = -3*w, m - 1100 = -2*m + 2*w. Let z be 8/(-6) - m/(-39). Calculate u(z).
-3
Let h(q) = 2*q**2 - 4*q - 3. Let c(g) = 11*g - 225. Let i be c(26). Let u = -148 - -91. Let r = i + u. Determine h(r).
13
Suppose -5*n + 8 = -x - 2, 0 = n - 5*x - 26. Let k(f) = 90*f - 27. Let r(o) = -60*o + 17. Let j(u) = -5*k(u) - 8*r(u). Determine j(n).
29
Let h(r) = -3*r - 3. Let i = -63 - -73. Suppose 48 = -4*w + i*w. Suppose -d + s = -5, -3*s = -4*d + 10 + w. Determine h(d).
-12
Let q(i) = 6*i + 237. Let v be q(-44). Let c = v - -13. Let l(k) = -k**2 - 15*k - 17. What is l(c)?
-3
Let n(o) = o**2 + 5*o - 1. Let j(i) = i**3 - 5*i**2 + 8*i + 1. Let b be j(4). Suppose 10*g + b = -43. What is n(g)?
5
Suppose 0*n + n = 7. Let r(s) = 3*s + 1194 - 2*s - 1200. Calculate r(n).
1
Let c(s) = 2*s**2 + 3*s. Suppose 0 = 6*w - 66 - 0. Let m(g) = -g**3 + 10*g**2 + 11*g - 2. Let t be m(w). Let b be t/(-11) + 48/(-22). Calculate c(b).
2
Let b(f) = 38 - 96 + 36 - f**2 - 11*f + 27 - 5*f. Give b(-16).
5
Let q be (-2 + 56/12)/((-2)/3). Let k be 4 - ((q/1)/(-4) - -5). Let h(j) = 6*j - 6. Let n(i) = i - 1. Let b(x) = h(x) - 5*n(x). What is b(k)?
-3
Let s(y) = 15 - 16*y + 128*y**2 + 51*y**2 - 225*y**2 - 3*y + 47*y**2. Let f be (3 - (-9)/(-2))*-12. Calculate s(f).
-3
Let s(c) = -6*c**2 - 1. Let a(k) = k**2 + 21*k + 33. Let j be a(-22). Suppose 6*n + j = 49. What is s(n)?
-7
Let o be (-5)/(9 - (-252)/(-27)). Suppose -2*h - w = o - 9, 0 = 4*h + 5*w. Let c(a) = 4*a + 3. Give c(h).
-17
Suppose -199 = -47*l - 199. Let o(t) = -t**2 + 15*t + 6. Give o(l).
6
Suppose 0 = 2*c + 72 - 80. Let d(y) = -9*y**2 - c*y**2 + 2 - 3 + 2*y + 7*y**2 + y**3. What is d(4)?
-25
Let x(y) be the second derivative of y**4/6 + 5*y**3/6 + 3*y**2/2 + 216*y. Suppose 4*t = -32*t - 144. Give x(t).
15
Let w(p) = 4*p**2 + 17*p. Let l(g) = 3*g**2 + 17*g + 3. Let i(x) = -x - 2. Let h(b) = -2*i(b) - l(b). Let k(n) = 5*h(n) + 4*w(n). Give k(6).
-1
Let r(h) = -h**2 - 2*h + 3. Suppose -70 + 74 = 